0 = -8. Let q(s) = 9*s - 3. What is the units digit of q(m)?
5
Let w = -452 - -692. What is the tens digit of w?
4
Let u = -89 - -409. What is the units digit of u?
0
Let p = 2 + 0. Suppose -4*q - h = -10, q + p*h - 3 = 3. Suppose q*t - 4 = t. What is the units digit of t?
4
Let t(q) = q**3 - 16*q**2 + 15*q + 14. What is the units digit of t(15)?
4
Suppose -134 = -o + 43. What is the tens digit of o?
7
Let z = 17 - -3. Let q be (-4)/(-10) - (-472)/z. Suppose -q + 0 = -4*o. What is the units digit of o?
6
Let c = 11 + -15. Let i = 0 - c. What is the units digit of i?
4
What is the units digit of 0 + -1 + 49 - -1?
9
Suppose 3*j + 2*o - 4 - 4 = 0, 2*j - 2 = -3*o. Suppose -x + 5*p + 40 = 0, 0*x + 3*x - j*p = 65. What is the units digit of x?
5
Suppose -4*h + 29 = -15. Let c = h + -3. Let j(f) = f**2 - 9*f + 12. What is the units digit of j(c)?
4
Suppose 2*u + 5*n = 33, -2*u + u - 3*n + 15 = 0. Suppose -3*g + 13 = -4*g. Let f = g + u. What is the units digit of f?
1
Let n(v) = -3 + 2*v - 2 - 6*v**3 - 14*v**2 + 17. Let y(k) = -7*k**3 - 15*k**2 + 2*k + 12. Let c(o) = -6*n(o) + 5*y(o). What is the units digit of c(-9)?
6
Suppose 5*f + 120 = 320. Suppose 2*x + v = 2, -1 = -v - 5. Suppose 2*m + x*m - f = 0. What is the units digit of m?
8
Let m(a) = 8*a - 1. Let t be m(-1). Let r be 60/t*3*-1. Suppose v = 3*v - r. What is the tens digit of v?
1
Let f(s) = 3*s - 19. Let u be f(8). Let y(v) = -v**2 - 5*v. Let k be y(-4). Suppose 21 = k*b + 3*i, -u*i + 12 = -b - 0*i. What is the units digit of b?
3
What is the units digit of ((-2)/7)/(-1) - (-752)/14?
4
Suppose 4*f - 44 = 4*m, m - 5*m = -3*f + 29. What is the units digit of f?
5
Suppose 0 = -2*x + 3*x + 13. Let y(a) = -3*a - 19. What is the units digit of y(x)?
0
Let a be 3 - 1/(-2)*-2. Suppose -36 = -a*y + 2*f - 3*f, 4*f + 27 = y. What is the units digit of y?
9
Let j(c) = -c**2 - 17*c - 11. What is the tens digit of j(-7)?
5
Let n(d) = d**3 - 5*d**2 - 6*d + 5. Let i be n(6). Suppose 0 = 9*u - i*u - 36. What is the units digit of u?
9
Let z be (-1 - -1) + (-135 - 5). What is the tens digit of (3 - 0)*z/(-21)?
2
Suppose 5*w = -4*b + 170, -7*w - 3*b = -3*w - 135. What is the tens digit of w?
3
Suppose 3*n + 0 = 3*r + 3, -3*r = -4*n + 3. Suppose 12 = 2*w + w. Let t = w - n. What is the units digit of t?
4
Let w(q) = -q**3 + 6*q**2 - 5*q + 2. Let y be w(5). Let d be 90/(y + -3)*-1. Suppose -4*f - 5*c = -d, -2*f = 2*f + c - 82. What is the units digit of f?
0
Let a(h) = -3*h + 343. What is the tens digit of a(0)?
4
Suppose -2*v - 266 = -4*v + 2*t, 3*v + 3*t = 387. Suppose -x + 2*h = -2*h - 62, -3*x + h + v = 0. What is the units digit of x?
2
Suppose -12 = -3*g, -i = -3*i + 5*g + 40. What is the tens digit of i?
3
Suppose -2*a - 9 = -3*a + 3*c, 21 = -3*a - 3*c. Let v = -4 - a. What is the units digit of (15 + 3)/(v - -3)?
9
Suppose -v - 12 = -2*v. Let l = 22 - v. What is the units digit of l?
0
Suppose 2*k = -k + 63. What is the tens digit of k?
2
Let w = 24 + -15. What is the units digit of (-8 + w)/((-1)/(-7))?
7
Let f(a) = a**3 + 2*a**2 - 4 - 9*a + 5*a**2 - 3*a - 4. What is the tens digit of f(-8)?
2
Let q(j) = -j**3 - 2*j**2 - 3*j - 2. Suppose -37 = -5*n - 2*a - 2, -4*n + 4*a = 0. Suppose -x = -3*l - 8, 16 = -3*l + n*x - 0. What is the units digit of q(l)?
4
Let a(y) be the second derivative of y**4/12 - 5*y**3/6 + y**2 - 5*y. What is the tens digit of a(8)?
2
Let l(s) = s + 5. Let m be l(0). Let v be ((-2)/(-6))/(1/15). Suppose 0*f - v*f - m*n = -15, -3*n = f - 3. What is the units digit of f?
3
Let d = -61 - -108. What is the tens digit of d?
4
Suppose 0 = 4*v + 2*z - 20, 4*z + 26 = 4*v + 3*z. Suppose 8*p = 11*p - v. What is the units digit of p?
2
Let o = 6 + -1. Suppose 0*m = 3*u + o*m + 11, 0 = u - 3*m - 15. What is the units digit of u?
3
What is the tens digit of (-1)/(4 + 149/(-37))?
3
Suppose -32 = -4*i + 2*a + a, -3*i = -a - 19. Suppose i*q - 9 = -2*b + 4*q, 5*q - 24 = -3*b. Suppose 0*n + b*j + 4 = 4*n, -j = -4. What is the units digit of n?
4
Let v(i) = i + 2*i**2 + i**2 + 3 - 5*i. Let w = 13 + -11. What is the units digit of v(w)?
7
Suppose -3*f - 66 = -f. Let o be (-110)/f - (-4)/6. Suppose r - 3*j - 6 = 0, -o*r = r - 3*j - 90. What is the tens digit of r?
2
Suppose 10 = -i - 4. What is the units digit of -8*(i/4 + 3)?
4
What is the units digit of (2 + 134/(-10))/((-5)/25)?
7
Let x(y) = 17*y - 2. Let t be x(8). Let g be t/6 - (-1)/(-3). Suppose 3*o - g - 11 = 0. What is the tens digit of o?
1
Let m be (10/(-25))/((-2)/270). Suppose -6*y + y + 4*t = -48, -2*t = -5*y + m. What is the tens digit of y?
1
Suppose -2*w - 70 = -4*w. What is the units digit of w?
5
Let b be ((-2)/(-5))/((-2)/(-10)). Let r be b/5 - 26/(-10). What is the units digit of 1/(-3) + 16/r?
5
Let w = 11 - 11. What is the tens digit of 0 + 13 + -3 - w?
1
Let t(y) = y**3 - 6*y**2 - 12*y + 13. What is the units digit of t(8)?
5
Let x(c) = -c**2 + 15*c + 27. What is the units digit of x(14)?
1
Suppose 0*f = -2*f + 58. What is the units digit of f?
9
Suppose i - 3 = 2*v, -4*i - 2*v + 45 = -7. Let p be -1 + (i - (-6)/3). Suppose 0 = -0*f + 3*f - p. What is the units digit of f?
4
Suppose 6*p - 75 = 5*p. What is the tens digit of p?
7
Let v(n) = -3*n - 2. Let g be v(-8). Suppose 5*q - 28 = -4*x, -q = 3*x + 3*q - g. What is the units digit of x?
2
What is the units digit of 5*2/5 + 20?
2
Let m(c) = c**3 - 17*c**2 + 22*c - 1. What is the tens digit of m(16)?
9
Suppose 7*r - 8*r + 66 = 0. What is the units digit of r?
6
Let x be 6 + (0 - (-4)/(-2)). Suppose -4*w + 3*w = 2*c - x, 2*w - 6 = -3*c. What is the units digit of c?
2
Let d be 5/(-1)*(1 - 4). Suppose l = -2*u + d, 0 = 3*l + 4*u - 77 + 32. What is the units digit of l?
5
Let i(o) = -20*o - 2. Let q be i(-2). Suppose 47 = 2*d + 6*c - c, 0 = 3*d + c - q. What is the tens digit of d?
1
Let w(m) = -m**2 - 11*m + 4. What is the tens digit of w(-8)?
2
Let x = -126 - -439. What is the units digit of x?
3
Let r = -7 - -16. Suppose -u + 1 = -r. Suppose 14 = 2*f + c, 4*f - u = 3*c - 2. What is the units digit of f?
5
Let c(g) = g**3 + 8*g**2 + 3. Let u be c(-7). Let x = u - 18. What is the units digit of x?
4
Suppose v = -v - 4. What is the units digit of 2/v - 8*-1?
7
Let f be 5*((-54)/15 + 4). What is the units digit of f/9 + (-636)/(-54)?
2
Suppose 3*r + 10 = 1. Let d = 21 - 12. What is the units digit of (-4)/(-6) - r/d?
1
Let p(i) be the third derivative of i**5/60 - i**4/4 + i**3/3 - 3*i**2. Let q(z) = z**3 - z**2 + 7. Let w be q(0). What is the units digit of p(w)?
9
Let h be (-158)/4*(-4)/2. What is the units digit of h/7 + 10/(-35)?
1
Suppose 3*q + 4*t - 86 = 220, 3*q - t = 291. What is the tens digit of q?
9
Let m = 8 - -52. What is the tens digit of m?
6
Let n(z) = -z**3 + 10*z**2 - 13*z + 11. Let k be n(9). Let o = k + 35. What is the units digit of 5/2*36/o?
9
What is the hundreds digit of (8/(-6)*-1)/((-16)/(-1872))?
1
Let i = -53 - -75. Suppose 0 = 4*t + 6 - i. What is the units digit of t?
4
Suppose 2*h = 34 + 126. What is the tens digit of h?
8
Let a = 220 - 127. What is the tens digit of a?
9
Let x(g) = 7*g**3 - 9*g - 9*g**2 + 7 - 5 + 2 - 6*g**2. Let o(a) = 13*a**3 - 29*a**2 - 18*a + 7. Let w(j) = 6*o(j) - 11*x(j). What is the units digit of w(10)?
8
Let b(q) = -23*q**3 - 5*q**2 - 4*q + 1. What is the tens digit of b(-2)?
7
Let h be (3/6*0)/(-1). Suppose 5*b = -3*u + 4*u + 39, -3*b + 25 = -u. Let w = b - h. What is the units digit of w?
7
Suppose -4*s + 8*s = 1460. What is the hundreds digit of s?
3
Suppose -4*h + 3*h = -5*j + 230, 2*j = -2*h + 80. What is the tens digit of j?
4
Let x = 12 - -38. What is the units digit of x?
0
Let s = -13 - -5. What is the units digit of (44/s)/((-1)/2)?
1
Let b = 169 - 116. What is the tens digit of b?
5
Let i(f) = -f**2 + 6*f + 3. Let c be i(6). Suppose -5 = 2*k - c. What is the tens digit of -10*(2 + k + -2)?
1
Suppose -2*t = -2*p - 2*p - 48, 5*p - 5*t + 55 = 0. Let q = 27 + p. What is the tens digit of q?
1
Suppose 0 = -5*p + 3 + 7, 2*f = -4*p + 22. Suppose -2*z = r - 3, 4*r - 1 = -4*z + r. Suppose -3 = z*i - f*i. What is the units digit of i?
1
Suppose 5*g = -0*g + 910. What is the tens digit of g?
8
Suppose -11 = 2*q + 3*n, -2*q = -7*q - 4*n - 24. Let i = -1 - q. What is the units digit of i?
3
Suppose -2 = -2*u, -5*p = -3*u -